 be 5 + (2 - -2)/(-4). Let n be d/(-10) - (-91)/(-35). Let r be (-3)/(-1) - (-21)/n. Give w(r).
13
Let d(z) = -z + 3. Let x(r) = r - 1. Let a(v) = d(v) + 4*x(v). Let i be 1*2*(-2 - 3/(-2)). What is a(i)?
-4
Let p(b) = -b**2 + 2*b + 4. Suppose 0 = -5*l - 3*s - 27, -l - 2 = s + 3. Let a(r) = -2*r**2 - 9*r + 14. Let m be a(l). Give p(m).
-20
Let d(i) = -i - 5. Let g(p) = p**3 + 17*p**2 - 39*p - 27. Let n be g(-19). What is d(n)?
3
Let s(v) = -v - 5. Let r(y) = y**2 - 27*y + 20. Let p be r(26). Give s(p).
1
Let q(v) = -3*v**3 - v**2 + 2*v + 2. Let t be q(-1). Suppose j - 4*c + 5 + 8 = 0, -t*j - 2 = -2*c. Let b(k) = k**2 - 3. What is b(j)?
6
Let b(p) = -11*p**3 - p**2 + p. Let r be (4 + 0 + -5)*(23 - -2). Let o = r + 26. Determine b(o).
-11
Let o(b) = -b**3 - 9*b**2 + b + 10. Let t = -281 + 272. Calculate o(t).
1
Let n = -11 - -14. Let a(w) = -n + 1 + 3 - 8*w**2 - 4*w + 4*w**2 + w**3. Calculate a(5).
6
Let h(q) = q**2 - 7*q + 5. Let t be h(4). Let n(v) = 4. Let f(m) = m**2 + 6*m + 15. Let r(z) = f(z) - 5*n(z). Calculate r(t).
2
Suppose 2*z = -z + r + 9, -5*r = -5*z + 5. Let j(k) = k**2 - 3*k - 9. Let v be j(z). Let h(y) = y**3 + 4*y**2 - 6*y - 4. What is h(v)?
1
Let p(r) = 2*r - 14. Suppose 3*m + x - 40 = 0, 4*x = -3*m + 37 + 15. Calculate p(m).
10
Suppose -5*x - 167 + 182 = 0. Let l(w) be the second derivative of w**5/20 - w**4/4 + w**3/2 + 2*w. Give l(x).
9
Let b(a) = a**2 + 3*a - 1. Let v be 8/(-6)*9/6. Let d(x) = -x**3 - 2*x**2 - 6*x - 6. Let j be d(v). Let r be (-1)/2 - 27/j. Give b(r).
9
Let c(f) = f**2 + 3*f + 1. Let l be (3 + -1)*19 + 2. Let w be ((-9)/(-6))/(15/l). Suppose -y = y + w. Calculate c(y).
-1
Let n(v) = -3*v**2 + 15*v + 5. Let s(h) = -h**2 + 5*h. Let m(i) = -3*n(i) + 8*s(i). Determine m(7).
-1
Suppose 2*s = 3*m + 2*m - 4, -3*s - 3*m = 6. Let u be ((-196)/35)/(s/5). Suppose 5*c - 4 - 16 = 5*p, -5*p - u = -3*c. Let y(k) = -k**2 + 3*k - 2. Give y(c).
-2
Let k(l) = 4*l + 1. Let j(m) = 31*m + 8. Let r(x) = -j(x) + 5*k(x). Determine r(-4).
41
Suppose -4*y - 81 = -65. Let i(x) = 2*x**2 + 6*x + 4. Determine i(y).
12
Let w(a) = 9*a**3 + a - 2*a**3 - 5*a**3 + a - 5*a**3. Suppose 2*g + 0*g = -4. Determine w(g).
20
Let v(y) = -y. Let d be v(0). Let q(j) be the first derivative of 5 - 1/4*j**4 + 0*j**3 + 0*j**2 - 2*j. Give q(d).
-2
Let s(a) = 33*a**2 - 41*a**2 + a - 9*a - a**3. Determine s(-7).
7
Let b = 3 - 1. Let l(a) = 3*a**3 + 6*a**2 - 5. Let j(o) = 13*o**3 + 12*o**3 + 0*o - 26*o**3 - o. Let p(y) = b*j(y) + l(y). Determine p(-6).
7
Suppose -14*y + 2 - 58 = 0. Let k(g) = -2*g**2 - 8*g + 3. Determine k(y).
3
Let z(a) = 2*a**2 - 4*a. Let r be ((-16)/(-4)*1)/2. Let n be z(r). Let p(x) = -x**3 - 2. Calculate p(n).
-2
Suppose 4 - 1 = a. Suppose 0*p = -p - 2*j, a*p - 3*j = 9. Let o(h) be the second derivative of -h**5/20 + h**4/12 - h**3/3 + h**2/2 + 20*h. Give o(p).
-7
Let c(v) = -2 + 5 - 2*v + 4 + v. Let y(n) = n - 5. Suppose 3*w = 3*d + 5 - 17, -22 = -5*d + 3*w. Let g be y(d). Give c(g).
7
Let d(y) = y**2 + 5*y. Let p(i) = -2*i**3 + 2*i**2 - 6*i + 6. Let v(w) = -w**3 + w**2 - 2*w + 2. Let c(b) = -3*p(b) + 8*v(b). Let f be c(2). What is d(f)?
6
Let p = 2 - 2. Let g(y) = y**2 - 1 - 3 + 9 - 9*y + p. What is g(7)?
-9
Let j(v) = v**2 - 11*v + 24. Suppose -2*f - g + 21 - 3 = 0, 4*f = -4*g + 36. Determine j(f).
6
Let z(l) = -2 + 9 - l - l**2 + 5*l. Suppose -n - n = -2*p + 98, 159 = 3*p + 3*n. Let b = -45 + p. Give z(b).
-5
Let z(v) = v**2 - 6*v + 1. Let l be z(5). Let a be 4 - (3 + -3)/l. Let k(g) = 3*g + 6. Let n(b) = -b - 3. Let r(j) = 3*k(j) + 7*n(j). What is r(a)?
5
Let g = 47 + -49. Let k be g + (6 - (1 - 2)). Let v(s) = s + 1. Calculate v(k).
6
Let f be ((-36)/(-27))/(3/9). Suppose -f*o = -m - 22, -29 = -5*o - 4*m + 6*m. Let b(w) = w**3 - 4*w**2 - 5*w - 2. Give b(o).
-2
Let s(r) be the second derivative of r**5/20 - r**4/4 - 5*r**3/6 - r**2/2 + 167*r + 2. What is s(4)?
-5
Let o be 10/8*16/(-4). Let h be 8/4 - 1 - -1. Let u(r) = 4*r**2 - r + 6 + h*r**2 + 7*r + 0*r**2 + r**3. What is u(o)?
1
Suppose 0 = 5*i + 20, 3*j = -3*i + i - 17. Let n(u) = u - 4. What is n(j)?
-7
Suppose 3*u - 15 = 3*n - 6, -n + 3*u - 5 = 0. Let q(v) = -v**2 - 3*v - 3. What is q(n)?
-1
Suppose 2*d + 54 = 66. Let q(v) = v**3 - 7*v**2 + 6*v - 1. Calculate q(d).
-1
Let i(h) = -h - 25 + 0*h + 26. Let a(z) = z + 3. Let f be a(-4). Let b(p) = 6*p - 3. Let m(r) = f*b(r) - 3*i(r). Give m(3).
-9
Let d be 1 + 4 + -2 - 36/(-3). Let u(f) = f**2 + 5*f - d*f + 6*f - 1. Give u(5).
4
Suppose w = 2*q - 11 + 3, 4*w = 3*q - 17. Let o(n) = -13*n**2 - 4*n + 1. Let j(s) = 3*s**2 + s. Let x(a) = 9*j(a) + 2*o(a). Calculate x(w).
4
Let z be 0 + (1 - (-1 - -2)). Let o(w) = w + 4. Let d(h) = -2. Let y(m) = 3*d(m) - o(m). Give y(z).
-10
Let s(d) = 2*d + 36*d**2 - 6 - 5*d - 35*d**2. Calculate s(-5).
34
Let r(t) = -4*t**2 + 2. Let m(c) = 3*c**2 - 1. Let y(p) = -3*m(p) - 2*r(p). Let j(b) be the first derivative of y(b). Calculate j(-3).
6
Let i(r) = 8*r**2 - 19*r - 7. Let t(h) = -5*h**2 + 10*h + 4. Let u(w) = 3*i(w) + 5*t(w). Calculate u(-6).
5
Suppose h + 26 = -5*v, -340*v - 5*h = -345*v - 20. Let p(r) = -r**2 - 7*r - 10. Give p(v).
0
Let g = -4 + 22. Suppose 12*z + g = 13*z. Let q(f) = z*f - 41*f + 19*f - f**2. Calculate q(-4).
0
Let j(l) = l - 3. Let x be j(6). Suppose z = 2 - x. Let p(w) = -6*w**2 + 1 - 7*w**3 + 7*w**2 + 42*w - 40*w. What is p(z)?
7
Let o(y) = y**2 + 4*y + 1. Suppose 4*h = -2*m + 3*m + 25, m + 5 = 0. Suppose 5*t + g + 8 = 0, -h*t - 2*g = 3*g. Let d be ((-1)/t)/(1/(-6)). Give o(d).
-2
Let l(r) be the first derivative of -r**4/2 + r**3 + 2*r**2 - r - 3. Let f(q) = q**3 - 11*q**2 - 13*q + 15. Let x be f(12). Calculate l(x).
-16
Let b(k) = -k**3 - k**2 + 7*k - 12. Let h be b(-4). Let s(c) = 2*c**3 - 17*c**2 + 8*c + 4. Calculate s(h).
4
Suppose 56*j - 51*j + 2*d + 10 = 0, 0 = j + d - 1. Let a(p) be the first derivative of p**2/2 + 8*p - 1. What is a(j)?
4
Let l(u) be the second derivative of u**3/2 + u**2 + 23*u. Let z be 102/84*-2 - (-8)/(-14). Determine l(z).
-7
Let r(f) = 3*f + 6. Let q(i) = -4*i - 7. Let k(v) = 2*q(v) + 3*r(v). Let b be k(-3). Let n be 3 + (b - -4) + -2. Let j(c) = 2*c - 3. What is j(n)?
9
Let r be 4/10 + 34/(-10). Let x(f) = -41*f**3 + 16*f**2 - 15*f + 8. Let m(p) = 19*p**3 - 7*p**2 + 7*p - 4. Let c(a) = 13*m(a) + 6*x(a). What is c(r)?
11
Let z(i) = i**3 - i + 2. Let w(j) = 155*j - 15. Let q(o) = -11*o + 1. Let x(k) = 85*q(k) + 6*w(k). Let v be x(-3). Suppose -5*h = -v*h. What is z(h)?
2
Let r be ((-10)/(-4))/((-2)/(-4)). Let b(y) be the third derivative of y**4/24 + y**3/3 + 837*y**2. Calculate b(r).
7
Let v(w) = -23604*w**2 - 3 + 5*w + 23606*w**2 + w. Determine v(-3).
-3
Let j(y) = 2*y**3 + y**2 + y + 1. Suppose 3*p - 3 = m, 3*m + 3*p - 4 = -p. Suppose -5*z - 5*c = -10, m*c + 8 = -2*z + c. Give j(z).
-13
Let b be (-3)/2*-2 + 0. Suppose -g = b*g + 12. Let d(k) be the third derivative of k**6/120 + k**5/30 - k**4/8 - 2*k**3/3 + 10*k**2. Determine d(g).
-4
Let o = -16 - -17. Let n(z) = z**2 + z. Let q(m) be the second derivative of m**4/4 + m**3/3 + m**2/2 + 6*m. Let h(b) = o*n(b) - q(b). What is h(-2)?
-7
Let r(n) = -7*n**3 + 15*n**2 - 11*n + 6. Let q(b) = -3*b**3 + 7*b**2 - 5*b + 3. Let k(c) = 5*q(c) - 2*r(c). Calculate k(4).
7
Let s(r) = -6 + r - 3*r**2 + 2*r**2 + 2*r**2 + 0*r**2. Let w be s(0). Let x(d) = -d**3 - 5*d**2 + 4*d - 6. Give x(w).
6
Let m(v) = -2*v**2 - 17*v - 3. Let p(k) = -3*k**2 - 26*k - 4. Let y(f) = 7*m(f) - 5*p(f). Give y(-10).
-11
Suppose 5*t + 242 - 32 = -5*q, -t - 50 = 3*q. Let o = -40 - t. Let v(y) = 2*y. What is v(o)?
-4
Let u be 1/5 - (-81)/45. Let c(s) = s - 1. Give c(u).
1
Suppose 8 + 10 = 3*m. Suppose 0 = 4*d + 1 - 5. Let i(r) = 2*r + 3*r - 7 - 3*r - d. Determine i(m).
4
Let v(p) = 0*p**2 + 0*p + p - 2*p**2. Suppose 38 = 4*o + 3*i - 4*i, -3*i - 33 = -3*o. Suppose l - 8 = -o. Calculate v(l).
-3
Let a(j) = -j**3 - 2*j**2 + 2*j - 3. Let m be 1 + -1 + (2 - -6 - 11). What is a(m)?
0
Let p(c) = c**3 + 8*c**2 + 9*c + 3. Let h be (2/6 + 0)/(9/27). Let l(y) = -y**2 - y. Let s(x) = h*p(x) + 5*l(x). What is s(-2)?
-1
Let h(i) be the second derivative of i**7/840 - i**6/360 + i**5/120 - i**4/24 - i**3/6 + 16*i. Let f(m) be the second derivative of h(m). What is f(0)?
-1
Let n be ((-2)/(-2))/((-1)/(-6)). Let y be (-12 - 3)*(-2)/n. Let c(z) = -23